{"id":759,"date":"2013-09-23T16:34:44","date_gmt":"2013-09-23T14:34:44","guid":{"rendered":"http:\/\/beta.kreativfeld.de\/?page_id=759"},"modified":"2020-03-27T15:17:45","modified_gmt":"2020-03-27T13:17:45","slug":"erwachsene","status":"publish","type":"page","link":"https:\/\/www.logopaedie-tibio.de\/?page_id=759","title":{"rendered":"erwachsene"},"content":{"rendered":"<div class=\"ezcol ezcol-one-half\">\n<p><strong>Stimmst\u00f6rungen<\/strong><br \/>\n<em>funktionell:<\/em> bedingt durch Fehlgebrauch in Sprecherberufen (z.B. bei Lehrern, Erziehern etc.<\/p>\n<p><em>organisch:<\/em> bedingt durch Operation am Kehlkopf (Stimmbandl\u00e4hmung etc.)<br \/>\n<em> psychogen bedingt<\/em><\/p>\n<p><strong>St\u00f6rungen der Sprache durch H\u00f6rst\u00f6rungen<\/strong><\/p>\n<p><strong>Schluckst\u00f6rungen durch<\/strong><br \/>\n<strong>neurologische Erkrankungen<\/strong><br \/>\n(z.B. bei Schlaganfall oder Amyotropher Lateralsklerose)<\/p>\n<p><strong>Myofunktionelle St\u00f6rungen \/ Craniomandibul\u00e4re Dysfunktion<\/strong><br \/>\n(Fehlfunktion der Kau- und Gesichtsmuskulatur, Schluckst\u00f6rungen)<\/p>\n<p><strong>Fehlbildungen im Gesichtsbereich<\/strong><br \/>\n(z.B. Lippen-Kiefer-Gaumensegelspalten)<\/p>\n<p><strong>Redeflussst\u00f6rungen<\/strong><br \/>\n(z.B. Stottern oder Poltern)<\/p>\n<\/div>\n<p><strong>Sprachst\u00f6rungen durch zentralmotorische Behinderungen \u00a0\u00a0 \u00a0<\/strong><br \/>\n(z.B. durch Morbus-Down-Syndrom oder infantile Cerebralparesen)<\/p>\n<p><strong>St\u00f6rungen oder Verlust der Sprache, des Verstehens, Lesens, Schreibens und der Grammatik durch Schlaganfall oder Sch\u00e4delhirntrauma<\/strong><br \/>\n(z.B. bedingt durch Unf\u00e4lle)<\/p>\n<p><strong>Sprachst\u00f6rungen durch neurologische Erkrankungen<\/strong><br \/>\n(z.B. bei Morbus Parkinson oder Multipler Sklerose)<\/p>\n<p>&nbsp;<\/p>\n<p>&nbsp;<\/p>\n<p>&nbsp;<\/p>\n<p>&nbsp;<\/p>\n<p>&nbsp;<\/p>\n<p>&nbsp;<\/p>\n<p>&nbsp;<\/p>\n<p>&nbsp;<\/p>\n<p>&nbsp;<\/p>\n","protected":false},"excerpt":{"rendered":"<p>Sprachst\u00f6rungen durch zentralmotorische Behinderungen \u00a0\u00a0 \u00a0 (z.B. durch Morbus-Down-Syndrom oder infantile Cerebralparesen) St\u00f6rungen oder Verlust der Sprache, des Verstehens, Lesens, Schreibens und der Grammatik durch Schlaganfall oder Sch\u00e4delhirntrauma (z.B. bedingt durch Unf\u00e4lle) Sprachst\u00f6rungen durch neurologische Erkrankungen (z.B. bei Morbus Parkinson oder Multipler Sklerose) &nbsp; &nbsp; &nbsp; &nbsp; &nbsp; &nbsp; &nbsp; &nbsp; &nbsp;<\/p>\n","protected":false},"author":1,"featured_media":861,"parent":0,"menu_order":0,"comment_status":"open","ping_status":"open","template":"","meta":{"footnotes":""},"class_list":["post-759","page","type-page","status-publish","has-post-thumbnail","hentry","post-bright","has-post-thumb"],"_links":{"self":[{"href":"https:\/\/www.logopaedie-tibio.de\/index.php?rest_route=\/wp\/v2\/pages\/759","targetHints":{"allow":["GET"]}}],"collection":[{"href":"https:\/\/www.logopaedie-tibio.de\/index.php?rest_route=\/wp\/v2\/pages"}],"about":[{"href":"https:\/\/www.logopaedie-tibio.de\/index.php?rest_route=\/wp\/v2\/types\/page"}],"author":[{"embeddable":true,"href":"https:\/\/www.logopaedie-tibio.de\/index.php?rest_route=\/wp\/v2\/users\/1"}],"replies":[{"embeddable":true,"href":"https:\/\/www.logopaedie-tibio.de\/index.php?rest_route=%2Fwp%2Fv2%2Fcomments&post=759"}],"version-history":[{"count":8,"href":"https:\/\/www.logopaedie-tibio.de\/index.php?rest_route=\/wp\/v2\/pages\/759\/revisions"}],"predecessor-version":[{"id":973,"href":"https:\/\/www.logopaedie-tibio.de\/index.php?rest_route=\/wp\/v2\/pages\/759\/revisions\/973"}],"wp:featuredmedia":[{"embeddable":true,"href":"https:\/\/www.logopaedie-tibio.de\/index.php?rest_route=\/wp\/v2\/media\/861"}],"wp:attachment":[{"href":"https:\/\/www.logopaedie-tibio.de\/index.php?rest_route=%2Fwp%2Fv2%2Fmedia&parent=759"}],"curies":[{"name":"wp","href":"https:\/\/api.w.org\/{rel}","templated":true}]}}