{"id":733,"date":"2013-09-23T15:09:18","date_gmt":"2013-09-23T13:09:18","guid":{"rendered":"http:\/\/beta.kreativfeld.de\/?page_id=733"},"modified":"2025-12-14T12:35:06","modified_gmt":"2025-12-14T11:35:06","slug":"kinder","status":"publish","type":"page","link":"https:\/\/www.logopaedie-tibio.de\/?page_id=733","title":{"rendered":"kinder"},"content":{"rendered":"<div class=\"ezcol ezcol-one-half\">\n<p><span style=\"font-size: medium;\"><strong>St\u00f6rungen der Sprachentwicklung bei Kindern im Schul- und Vorschulalter in Form von: \u00a0\u00a0 \u00a0<\/strong><\/span><\/p>\n<p>Dyslalie (Aussprachefehler)<\/p>\n<p>Sprachentwicklungsverz\u00f6gerung\/-st\u00f6rung mit nicht altersgem\u00e4\u00dfem Wortschatz, Sprachverst\u00e4ndnis und eingeschr\u00e4nkter Wahrnehmung<\/p>\n<p>Dysgrammatismus (St\u00f6rung der Grammatik)<br \/>\nLese-Rechtschreib-Schw\u00e4che (im Zusammenhang<br \/>\nmit der Schriftspracherwerbsst\u00f6rung)<\/p>\n<p>St\u00f6rungen der Sprache durch H\u00f6rst\u00f6rungen<\/p>\n<\/div>\n\n\n<div class=\"ezcol ezcol-one-half ezcol-last\">\n<p><strong>Heidelberger Elterntraining<\/strong><\/p>\n<p><strong>Stotterbehandlung nach dem Lidcombe-Programm<\/strong><\/p>\n<p><strong>Fortbildung f\u00fcr Erzieherinnen<\/strong><br \/>\n(&#8222;Sprachreich&#8220;)<\/p>\n<\/div><div class=\"ezcol-divider\"><\/div>\n\n\n\n<div class=\"wp-block-columns is-layout-flex wp-container-core-columns-is-layout-9d6595d7 wp-block-columns-is-layout-flex\">\n<div class=\"wp-block-column is-layout-flow wp-block-column-is-layout-flow\"><\/div>\n\n\n\n<div class=\"wp-block-column is-layout-flow wp-block-column-is-layout-flow\"><\/div>\n<\/div>\n","protected":false},"excerpt":{"rendered":"","protected":false},"author":1,"featured_media":873,"parent":0,"menu_order":0,"comment_status":"open","ping_status":"open","template":"","meta":{"footnotes":""},"class_list":["post-733","page","type-page","status-publish","has-post-thumbnail","hentry","post-bright","has-post-thumb"],"_links":{"self":[{"href":"https:\/\/www.logopaedie-tibio.de\/index.php?rest_route=\/wp\/v2\/pages\/733","targetHints":{"allow":["GET"]}}],"collection":[{"href":"https:\/\/www.logopaedie-tibio.de\/index.php?rest_route=\/wp\/v2\/pages"}],"about":[{"href":"https:\/\/www.logopaedie-tibio.de\/index.php?rest_route=\/wp\/v2\/types\/page"}],"author":[{"embeddable":true,"href":"https:\/\/www.logopaedie-tibio.de\/index.php?rest_route=\/wp\/v2\/users\/1"}],"replies":[{"embeddable":true,"href":"https:\/\/www.logopaedie-tibio.de\/index.php?rest_route=%2Fwp%2Fv2%2Fcomments&post=733"}],"version-history":[{"count":3,"href":"https:\/\/www.logopaedie-tibio.de\/index.php?rest_route=\/wp\/v2\/pages\/733\/revisions"}],"predecessor-version":[{"id":1109,"href":"https:\/\/www.logopaedie-tibio.de\/index.php?rest_route=\/wp\/v2\/pages\/733\/revisions\/1109"}],"wp:featuredmedia":[{"embeddable":true,"href":"https:\/\/www.logopaedie-tibio.de\/index.php?rest_route=\/wp\/v2\/media\/873"}],"wp:attachment":[{"href":"https:\/\/www.logopaedie-tibio.de\/index.php?rest_route=%2Fwp%2Fv2%2Fmedia&parent=733"}],"curies":[{"name":"wp","href":"https:\/\/api.w.org\/{rel}","templated":true}]}}