{"id":447,"date":"2013-08-12T15:53:30","date_gmt":"2013-08-12T13:53:30","guid":{"rendered":"http:\/\/beta.kreativfeld.de\/?page_id=447"},"modified":"2014-10-13T13:59:53","modified_gmt":"2014-10-13T11:59:53","slug":"testseite","status":"publish","type":"page","link":"https:\/\/www.logopaedie-tibio.de\/?page_id=447","title":{"rendered":"information"},"content":{"rendered":"<div class=\"ezcol ezcol-one-half\">\n<p><b>Brauche ich eine \u00dcberweisung?<\/b><br \/>\nSie ben\u00f6tigen von Ihrem Arzt (z.B. Kinderarzt, Neurologe, Hals-Nasen-Ohren-Arzt) eine Verordnung f\u00fcr eine logop\u00e4dische Therapie.<\/p>\n<p><b>Muss ich die Behandlung selbst bezahlen?<\/b><br \/>\nAuf Verordnung des Arztes werden die Kosten einer logop\u00e4dischen Behandlung von den Krankenkassen bezahlt. Kinder sowie chronisch Kranke und soziale H\u00e4rtef\u00e4lle sind von der gesetzlichen Zuzahlung befreit.<br \/>\nDie privaten Krankenkassen \u00fcbernehmen die Kosten einer Therapie im vertraglich vereinbarten Umfang.<\/p>\n<\/div><div class=\"ezcol ezcol-one-half ezcol-last\">\n<b>Kommt die Logop\u00e4din auch ins Haus?<\/b><br \/>\nWir kommen selbstverst\u00e4ndlich auch zu Ihnen. Sollten Hausbesuche erforderlich sein, z.B. bei gehbehinderten Patienten, m\u00fcssen diese vom Arzt verordnet werden.<\/p>\n<\/div><div class=\"ezcol-divider\"><\/div><\/p>\n<p>&nbsp;<\/p>\n<p>&nbsp;<\/p>\n<p>&nbsp;<\/p>\n<p>&nbsp;<\/p>\n","protected":false},"excerpt":{"rendered":"<p>&nbsp; &nbsp; &nbsp; &nbsp;<\/p>\n","protected":false},"author":1,"featured_media":862,"parent":0,"menu_order":0,"comment_status":"open","ping_status":"open","template":"","meta":{"footnotes":""},"class_list":["post-447","page","type-page","status-publish","has-post-thumbnail","hentry","post-bright","has-post-thumb"],"_links":{"self":[{"href":"https:\/\/www.logopaedie-tibio.de\/index.php?rest_route=\/wp\/v2\/pages\/447","targetHints":{"allow":["GET"]}}],"collection":[{"href":"https:\/\/www.logopaedie-tibio.de\/index.php?rest_route=\/wp\/v2\/pages"}],"about":[{"href":"https:\/\/www.logopaedie-tibio.de\/index.php?rest_route=\/wp\/v2\/types\/page"}],"author":[{"embeddable":true,"href":"https:\/\/www.logopaedie-tibio.de\/index.php?rest_route=\/wp\/v2\/users\/1"}],"replies":[{"embeddable":true,"href":"https:\/\/www.logopaedie-tibio.de\/index.php?rest_route=%2Fwp%2Fv2%2Fcomments&post=447"}],"version-history":[{"count":5,"href":"https:\/\/www.logopaedie-tibio.de\/index.php?rest_route=\/wp\/v2\/pages\/447\/revisions"}],"predecessor-version":[{"id":943,"href":"https:\/\/www.logopaedie-tibio.de\/index.php?rest_route=\/wp\/v2\/pages\/447\/revisions\/943"}],"wp:featuredmedia":[{"embeddable":true,"href":"https:\/\/www.logopaedie-tibio.de\/index.php?rest_route=\/wp\/v2\/media\/862"}],"wp:attachment":[{"href":"https:\/\/www.logopaedie-tibio.de\/index.php?rest_route=%2Fwp%2Fv2%2Fmedia&parent=447"}],"curies":[{"name":"wp","href":"https:\/\/api.w.org\/{rel}","templated":true}]}}